{"id":101,"date":"2016-02-25T14:02:32","date_gmt":"2016-02-25T13:02:32","guid":{"rendered":"http:\/\/localhost\/wordpress\/?page_id=101"},"modified":"2018-03-08T19:25:31","modified_gmt":"2018-03-08T18:25:31","slug":"minosegbiztositas","status":"publish","type":"page","link":"https:\/\/karakter2000.hu\/index.php\/minosegbiztositas\/","title":{"rendered":"Min\u0151s\u00e9gbiztos\u00edt\u00e1s"},"content":{"rendered":"<h2>Min\u0151s\u00e9gbiztos\u00edt\u00e1s &#8211; min\u0151s\u00e9g<\/h2>\n<p>\u00c1ltal\u00e1noss\u00e1gban egy v\u00e1llalkoz\u00e1s tev\u00e9kenys\u00e9g\u00e9nek meg\u00edt\u00e9l\u00e9s\u00e9ben van fontosabb m\u00e9rce, mint a vev\u0151i megel\u00e9gedetts\u00e9g? \u00c9s mit\u0151l el\u00e9gedett a vev\u0151? B\u00e1rhogyan is n\u00e9zz\u00fck a min\u0151s\u00e9g \u00e9s az oda vezet\u0151 \u00fat kijel\u00f6l\u00e9se a &#8211; min\u0151s\u00e9gbiztos\u00edt\u00e1s &#8211; nem megker\u00fclhet\u0151 t\u00e9nyez\u0151. Mindegy, hogy\u00a0<a href=\"http:\/\/karakter2000.hu\/index.php\/gyartas\/\">term\u00e9ket \u00e1ll\u00edt el\u0151<\/a> vagy szolg\u00e1ltat\u00e1st ny\u00fajt, ha tev\u00e9kenys\u00e9g\u00e9nek min\u0151s\u00e9ge nem megfelel\u0151, akkor a sikerek elmaradnak.<\/p>\n<p style=\"text-align: center;\"><span style=\"color: #3366ff;\"><strong>A min\u0151s\u00e9g k\u00e9t dimenzi\u00f3ban is izgalmas a k\u00e9rd\u00e9s<\/strong><\/span><\/p>\n<table style=\"height: 141px; width: 749px;\">\n<tbody>\n<tr style=\"height: 164.812px;\">\n<td style=\"width: 593px; height: 164.812px;\">\n<p style=\"text-align: center;\">Egy r\u00e9szr\u0151l \u00fczleti megold\u00e1saink megfelelnek a vil\u00e1g egyik legszigor\u00fabb (hum\u00e1n felhaszn\u00e1l\u00e1s\u00fa gy\u00f3gyszergy\u00e1rt\u00e1s) min\u0151s\u00e9g ellen\u0151rz\u00e9si, min\u0151s\u00e9gbiztos\u00edt\u00e1si k\u00f6vetelm\u00e9nyeinek.<\/p>\n<p style=\"text-align: center;\">M\u00e1s r\u00e9szr\u0151l \u00fczleti megold\u00e1saink haszn\u00e1lat\u00e1val olyan v\u00e1llalati k\u00f6zeget teremthet, amely nagyban el\u0151seg\u00edti term\u00e9kei, szolg\u00e1ltat\u00e1sai min\u0151s\u00e9gjavul\u00e1s\u00e1t.<\/p>\n<\/td>\n<td style=\"width: 164px; height: 164.812px; vertical-align: middle;\"><img loading=\"lazy\" decoding=\"async\" class=\"wp-image-288 aligncenter\" src=\"\/wp-content\/uploads\/2016\/02\/icn-cfr-21-ready.png\" alt=\"icn-cfr-21-ready\" width=\"157\" height=\"139\" \/><\/td>\n<\/tr>\n<\/tbody>\n<\/table>\n<p>&nbsp;<\/p>\n<table style=\"height: 118px;\" width=\"748\">\n<tbody>\n<tr>\n<td style=\"text-align: center; vertical-align: middle;\"><img loading=\"lazy\" decoding=\"async\" class=\"wp-image-234 aligncenter\" src=\"\/wp-content\/uploads\/2016\/02\/telefon_icon.png\" alt=\"\" width=\"79\" height=\"84\" \/><\/td>\n<td>\n<h4 style=\"text-align: center;\"><strong>Siker\u00fclt felkelten\u00fcnk az \u00e9rdekl\u0151d\u00e9s\u00e9t?<br \/>\nKeressen meg <a href=\"\/index.php\/kapcsolat\/\">minket<\/a>,<br \/>\n<\/strong><strong> hogy egy\u00fctt m\u00e9g sikeresebbek legy\u00fcnk!<\/strong><\/h4>\n<\/td>\n<td style=\"text-align: center; vertical-align: middle;\"><img loading=\"lazy\" decoding=\"async\" class=\"wp-image-234 aligncenter\" src=\"\/wp-content\/uploads\/2016\/02\/telefon_icon.png\" alt=\"\" width=\"79\" height=\"84\" \/><\/td>\n<\/tr>\n<\/tbody>\n<\/table>\n","protected":false},"excerpt":{"rendered":"<p>Min\u0151s\u00e9gbiztos\u00edt\u00e1s &#8211; min\u0151s\u00e9g \u00c1ltal\u00e1noss\u00e1gban egy v\u00e1llalkoz\u00e1s tev\u00e9kenys\u00e9g\u00e9nek meg\u00edt\u00e9l\u00e9s\u00e9ben van fontosabb m\u00e9rce, mint a vev\u0151i megel\u00e9gedetts\u00e9g? \u00c9s mit\u0151l el\u00e9gedett a vev\u0151? B\u00e1rhogyan is n\u00e9zz\u00fck a min\u0151s\u00e9g \u00e9s az oda vezet\u0151 \u00fat kijel\u00f6l\u00e9se a &#8211; min\u0151s\u00e9gbiztos\u00edt\u00e1s &#8211; nem megker\u00fclhet\u0151 t\u00e9nyez\u0151. Mindegy, hogy\u00a0term\u00e9ket \u00e1ll\u00edt el\u0151 vagy szolg\u00e1ltat\u00e1st ny\u00fajt, ha tev\u00e9kenys\u00e9g\u00e9nek min\u0151s\u00e9ge nem megfelel\u0151, akkor a sikerek elmaradnak. A<\/p>\n","protected":false},"author":1,"featured_media":113,"parent":0,"menu_order":0,"comment_status":"closed","ping_status":"closed","template":"","meta":{"footnotes":""},"yoast_head":"<!-- This site is optimized with the Yoast SEO plugin v22.4 - https:\/\/yoast.com\/wordpress\/plugins\/seo\/ -->\n<title>Min\u0151s\u00e9gbiztos\u00edt\u00e1s - Karakter 2000 Kft.<\/title>\n<meta name=\"description\" content=\"Term\u00e9kek el\u0151\u00e1ll\u00edt\u00e1sa, szolg\u00e1ltat\u00e1sok ny\u00fajt\u00e1sa sor\u00e1n a min\u0151s\u00e9g olyan alapvet\u0151 \u00e9rt\u00e9k, amelyet egyetlen sikeres v\u00e1llalkoz\u00e1s sem n\u00e9lk\u00fcl\u00f6zhet. Sok \u00e9ves gy\u00f3gyszeripari tapasztalatunk a garancia a megfelel\u0151 min\u0151s\u00e9gbiztos\u00edt\u00e1s elj\u00e1r\u00e1saira \u00e9s az ennek k\u00f6sz\u00f6nhet\u0151 kiemelked\u0151 min\u0151s\u00e9g\u0171 term\u00e9kekre \u00e9s szolg\u00e1ltat\u00e1sokra.\" \/>\n<meta name=\"robots\" content=\"index, follow, max-snippet:-1, max-image-preview:large, max-video-preview:-1\" \/>\n<link rel=\"canonical\" href=\"https:\/\/karakter2000.hu\/index.php\/minosegbiztositas\/\" \/>\n<meta name=\"twitter:label1\" content=\"Becs\u00fclt olvas\u00e1si id\u0151\" \/>\n\t<meta name=\"twitter:data1\" content=\"1 perc\" \/>\n<script type=\"application\/ld+json\" class=\"yoast-schema-graph\">{\"@context\":\"https:\/\/schema.org\",\"@graph\":[{\"@type\":\"WebPage\",\"@id\":\"https:\/\/karakter2000.hu\/index.php\/minosegbiztositas\/\",\"url\":\"https:\/\/karakter2000.hu\/index.php\/minosegbiztositas\/\",\"name\":\"Min\u0151s\u00e9gbiztos\u00edt\u00e1s - Karakter 2000 Kft.\",\"isPartOf\":{\"@id\":\"https:\/\/karakter2000.hu\/#website\"},\"primaryImageOfPage\":{\"@id\":\"https:\/\/karakter2000.hu\/index.php\/minosegbiztositas\/#primaryimage\"},\"image\":{\"@id\":\"https:\/\/karakter2000.hu\/index.php\/minosegbiztositas\/#primaryimage\"},\"thumbnailUrl\":\"https:\/\/karakter2000.hu\/wp-content\/uploads\/2016\/02\/banner-pistopoihseis.jpg\",\"datePublished\":\"2016-02-25T13:02:32+00:00\",\"dateModified\":\"2018-03-08T18:25:31+00:00\",\"description\":\"Term\u00e9kek el\u0151\u00e1ll\u00edt\u00e1sa, szolg\u00e1ltat\u00e1sok ny\u00fajt\u00e1sa sor\u00e1n a min\u0151s\u00e9g olyan alapvet\u0151 \u00e9rt\u00e9k, amelyet egyetlen sikeres v\u00e1llalkoz\u00e1s sem n\u00e9lk\u00fcl\u00f6zhet. Sok \u00e9ves gy\u00f3gyszeripari tapasztalatunk a garancia a megfelel\u0151 min\u0151s\u00e9gbiztos\u00edt\u00e1s elj\u00e1r\u00e1saira \u00e9s az ennek k\u00f6sz\u00f6nhet\u0151 kiemelked\u0151 min\u0151s\u00e9g\u0171 term\u00e9kekre \u00e9s szolg\u00e1ltat\u00e1sokra.\",\"breadcrumb\":{\"@id\":\"https:\/\/karakter2000.hu\/index.php\/minosegbiztositas\/#breadcrumb\"},\"inLanguage\":\"hu\",\"potentialAction\":[{\"@type\":\"ReadAction\",\"target\":[\"https:\/\/karakter2000.hu\/index.php\/minosegbiztositas\/\"]}]},{\"@type\":\"ImageObject\",\"inLanguage\":\"hu\",\"@id\":\"https:\/\/karakter2000.hu\/index.php\/minosegbiztositas\/#primaryimage\",\"url\":\"https:\/\/karakter2000.hu\/wp-content\/uploads\/2016\/02\/banner-pistopoihseis.jpg\",\"contentUrl\":\"https:\/\/karakter2000.hu\/wp-content\/uploads\/2016\/02\/banner-pistopoihseis.jpg\",\"width\":1920,\"height\":521,\"caption\":\"Min\u0151s\u00e9gbiztos\u00edt\u00e1s\"},{\"@type\":\"BreadcrumbList\",\"@id\":\"https:\/\/karakter2000.hu\/index.php\/minosegbiztositas\/#breadcrumb\",\"itemListElement\":[{\"@type\":\"ListItem\",\"position\":1,\"name\":\"Home\",\"item\":\"https:\/\/karakter2000.hu\/\"},{\"@type\":\"ListItem\",\"position\":2,\"name\":\"Min\u0151s\u00e9gbiztos\u00edt\u00e1s\"}]},{\"@type\":\"WebSite\",\"@id\":\"https:\/\/karakter2000.hu\/#website\",\"url\":\"https:\/\/karakter2000.hu\/\",\"name\":\"Karakter 2000 Kft.\",\"description\":\"Tudjuk a megold\u00e1st \u00e9s meg is osztjuk \u00d6nnel!\",\"potentialAction\":[{\"@type\":\"SearchAction\",\"target\":{\"@type\":\"EntryPoint\",\"urlTemplate\":\"https:\/\/karakter2000.hu\/?s={search_term_string}\"},\"query-input\":\"required name=search_term_string\"}],\"inLanguage\":\"hu\"}]}<\/script>\n<!-- \/ Yoast SEO plugin. -->","yoast_head_json":{"title":"Min\u0151s\u00e9gbiztos\u00edt\u00e1s - Karakter 2000 Kft.","description":"Term\u00e9kek el\u0151\u00e1ll\u00edt\u00e1sa, szolg\u00e1ltat\u00e1sok ny\u00fajt\u00e1sa sor\u00e1n a min\u0151s\u00e9g olyan alapvet\u0151 \u00e9rt\u00e9k, amelyet egyetlen sikeres v\u00e1llalkoz\u00e1s sem n\u00e9lk\u00fcl\u00f6zhet. Sok \u00e9ves gy\u00f3gyszeripari tapasztalatunk a garancia a megfelel\u0151 min\u0151s\u00e9gbiztos\u00edt\u00e1s elj\u00e1r\u00e1saira \u00e9s az ennek k\u00f6sz\u00f6nhet\u0151 kiemelked\u0151 min\u0151s\u00e9g\u0171 term\u00e9kekre \u00e9s szolg\u00e1ltat\u00e1sokra.","robots":{"index":"index","follow":"follow","max-snippet":"max-snippet:-1","max-image-preview":"max-image-preview:large","max-video-preview":"max-video-preview:-1"},"canonical":"https:\/\/karakter2000.hu\/index.php\/minosegbiztositas\/","twitter_misc":{"Becs\u00fclt olvas\u00e1si id\u0151":"1 perc"},"schema":{"@context":"https:\/\/schema.org","@graph":[{"@type":"WebPage","@id":"https:\/\/karakter2000.hu\/index.php\/minosegbiztositas\/","url":"https:\/\/karakter2000.hu\/index.php\/minosegbiztositas\/","name":"Min\u0151s\u00e9gbiztos\u00edt\u00e1s - Karakter 2000 Kft.","isPartOf":{"@id":"https:\/\/karakter2000.hu\/#website"},"primaryImageOfPage":{"@id":"https:\/\/karakter2000.hu\/index.php\/minosegbiztositas\/#primaryimage"},"image":{"@id":"https:\/\/karakter2000.hu\/index.php\/minosegbiztositas\/#primaryimage"},"thumbnailUrl":"https:\/\/karakter2000.hu\/wp-content\/uploads\/2016\/02\/banner-pistopoihseis.jpg","datePublished":"2016-02-25T13:02:32+00:00","dateModified":"2018-03-08T18:25:31+00:00","description":"Term\u00e9kek el\u0151\u00e1ll\u00edt\u00e1sa, szolg\u00e1ltat\u00e1sok ny\u00fajt\u00e1sa sor\u00e1n a min\u0151s\u00e9g olyan alapvet\u0151 \u00e9rt\u00e9k, amelyet egyetlen sikeres v\u00e1llalkoz\u00e1s sem n\u00e9lk\u00fcl\u00f6zhet. Sok \u00e9ves gy\u00f3gyszeripari tapasztalatunk a garancia a megfelel\u0151 min\u0151s\u00e9gbiztos\u00edt\u00e1s elj\u00e1r\u00e1saira \u00e9s az ennek k\u00f6sz\u00f6nhet\u0151 kiemelked\u0151 min\u0151s\u00e9g\u0171 term\u00e9kekre \u00e9s szolg\u00e1ltat\u00e1sokra.","breadcrumb":{"@id":"https:\/\/karakter2000.hu\/index.php\/minosegbiztositas\/#breadcrumb"},"inLanguage":"hu","potentialAction":[{"@type":"ReadAction","target":["https:\/\/karakter2000.hu\/index.php\/minosegbiztositas\/"]}]},{"@type":"ImageObject","inLanguage":"hu","@id":"https:\/\/karakter2000.hu\/index.php\/minosegbiztositas\/#primaryimage","url":"https:\/\/karakter2000.hu\/wp-content\/uploads\/2016\/02\/banner-pistopoihseis.jpg","contentUrl":"https:\/\/karakter2000.hu\/wp-content\/uploads\/2016\/02\/banner-pistopoihseis.jpg","width":1920,"height":521,"caption":"Min\u0151s\u00e9gbiztos\u00edt\u00e1s"},{"@type":"BreadcrumbList","@id":"https:\/\/karakter2000.hu\/index.php\/minosegbiztositas\/#breadcrumb","itemListElement":[{"@type":"ListItem","position":1,"name":"Home","item":"https:\/\/karakter2000.hu\/"},{"@type":"ListItem","position":2,"name":"Min\u0151s\u00e9gbiztos\u00edt\u00e1s"}]},{"@type":"WebSite","@id":"https:\/\/karakter2000.hu\/#website","url":"https:\/\/karakter2000.hu\/","name":"Karakter 2000 Kft.","description":"Tudjuk a megold\u00e1st \u00e9s meg is osztjuk \u00d6nnel!","potentialAction":[{"@type":"SearchAction","target":{"@type":"EntryPoint","urlTemplate":"https:\/\/karakter2000.hu\/?s={search_term_string}"},"query-input":"required name=search_term_string"}],"inLanguage":"hu"}]}},"post_mailing_queue_ids":[],"_links":{"self":[{"href":"https:\/\/karakter2000.hu\/index.php\/wp-json\/wp\/v2\/pages\/101"}],"collection":[{"href":"https:\/\/karakter2000.hu\/index.php\/wp-json\/wp\/v2\/pages"}],"about":[{"href":"https:\/\/karakter2000.hu\/index.php\/wp-json\/wp\/v2\/types\/page"}],"author":[{"embeddable":true,"href":"https:\/\/karakter2000.hu\/index.php\/wp-json\/wp\/v2\/users\/1"}],"replies":[{"embeddable":true,"href":"https:\/\/karakter2000.hu\/index.php\/wp-json\/wp\/v2\/comments?post=101"}],"version-history":[{"count":34,"href":"https:\/\/karakter2000.hu\/index.php\/wp-json\/wp\/v2\/pages\/101\/revisions"}],"predecessor-version":[{"id":562,"href":"https:\/\/karakter2000.hu\/index.php\/wp-json\/wp\/v2\/pages\/101\/revisions\/562"}],"wp:featuredmedia":[{"embeddable":true,"href":"https:\/\/karakter2000.hu\/index.php\/wp-json\/wp\/v2\/media\/113"}],"wp:attachment":[{"href":"https:\/\/karakter2000.hu\/index.php\/wp-json\/wp\/v2\/media?parent=101"}],"curies":[{"name":"wp","href":"https:\/\/api.w.org\/{rel}","templated":true}]}}